{"id":209,"date":"2025-09-25T17:36:05","date_gmt":"2025-09-25T17:36:05","guid":{"rendered":"https:\/\/corpoeducacion.org.co\/pensar\/?page_id=209"},"modified":"2025-10-10T21:26:17","modified_gmt":"2025-10-10T21:26:17","slug":"biblioteca","status":"publish","type":"page","link":"https:\/\/corpoeducacion.org.co\/pensar\/biblioteca\/","title":{"rendered":"Biblioteca"},"content":{"rendered":"\t\t<div data-elementor-type=\"wp-page\" data-elementor-id=\"209\" class=\"elementor elementor-209\" data-elementor-post-type=\"page\">\n\t\t\t\t<div class=\"elementor-element elementor-element-f43e240 e-flex e-con-boxed e-con e-parent\" data-id=\"f43e240\" data-element_type=\"container\" data-e-type=\"container\" data-settings=\"{&quot;background_background&quot;:&quot;classic&quot;,&quot;jet_parallax_layout_list&quot;:[]}\">\n\t\t\t\t\t<div class=\"e-con-inner\">\n\t\t\t\t<div class=\"elementor-element elementor-element-c437d19 elementor-widget elementor-widget-heading\" data-id=\"c437d19\" data-element_type=\"widget\" data-e-type=\"widget\" data-widget_type=\"heading.default\">\n\t\t\t\t\t<h2 class=\"elementor-heading-title elementor-size-default\">Biblioteca<\/h2>\t\t\t\t<\/div>\n\t\t\t\t<div class=\"elementor-element elementor-element-1789cd9 elementor-widget elementor-widget-text-editor\" data-id=\"1789cd9\" data-element_type=\"widget\" data-e-type=\"widget\" data-widget_type=\"text-editor.default\">\n\t\t\t\t\t\t\t\t\t<p>Bienvenido a la Biblioteca Pensar, un espacio en el que estudiantes, docentes, directivos docentes, investigadores y diferentes actores de la comunidad educativa tienen acceso a la colecci\u00f3n de m\u00f3dulos y estrategias del Modelo Pedag\u00f3gico Pensar\u00ae.<\/p><p>El plan de estudios del Modelo Pedag\u00f3gico Pensar\u00ae se desarrolla as\u00ed:<\/p><p>Para el nivel de secundaria en dos a\u00f1os lectivos, es decir, 6\u00b0 y 7\u00b0 en un a\u00f1o, 8\u00b0 y 9\u00b0 en un a\u00f1o.<\/p><p>Para el nivel de educaci\u00f3n media (10\u00b0 y 11\u00b0) en un a\u00f1o. Durante estos periodos se abordan las competencias previstas en los referentes de calidad educativa del Ministerio de Educaci\u00f3n Nacional.<\/p>\t\t\t\t\t\t\t\t<\/div>\n\t\t\t\t\t<\/div>\n\t\t\t\t<\/div>\n\t\t<div class=\"elementor-element elementor-element-7cfa53a e-flex e-con-boxed e-con e-parent\" data-id=\"7cfa53a\" data-element_type=\"container\" data-e-type=\"container\" data-settings=\"{&quot;jet_parallax_layout_list&quot;:[]}\">\n\t\t\t\t\t<div class=\"e-con-inner\">\n\t\t<div class=\"elementor-element elementor-element-695b117 e-con-full e-flex e-con e-child\" data-id=\"695b117\" data-element_type=\"container\" data-e-type=\"container\" data-settings=\"{&quot;jet_parallax_layout_list&quot;:[]}\">\n\t\t<div class=\"elementor-element elementor-element-8f612a2 e-con-full e-flex e-con e-child\" data-id=\"8f612a2\" data-element_type=\"container\" data-e-type=\"container\" data-settings=\"{&quot;background_background&quot;:&quot;classic&quot;,&quot;jet_parallax_layout_list&quot;:[]}\">\n\t\t\t\t<div class=\"elementor-element elementor-element-af7ef12 elementor-invisible elementor-widget elementor-widget-image\" data-id=\"af7ef12\" data-element_type=\"widget\" data-e-type=\"widget\" data-settings=\"{&quot;motion_fx_motion_fx_mouse&quot;:&quot;yes&quot;,&quot;motion_fx_mouseTrack_effect&quot;:&quot;yes&quot;,&quot;motion_fx_mouseTrack_speed&quot;:{&quot;unit&quot;:&quot;px&quot;,&quot;size&quot;:0.3,&quot;sizes&quot;:[]},&quot;_animation&quot;:&quot;fadeInDown&quot;}\" data-widget_type=\"image.default\">\n\t\t\t\t\t\t\t\t\t\t\t\t\t\t\t<img fetchpriority=\"high\" decoding=\"async\" width=\"666\" height=\"701\" src=\"https:\/\/corpoeducacion.org.co\/pensar\/wp-content\/uploads\/2025\/09\/Pensar_year1.png\" class=\"attachment-large size-large wp-image-220\" alt=\"\" srcset=\"https:\/\/corpoeducacion.org.co\/pensar\/wp-content\/uploads\/2025\/09\/Pensar_year1.png 666w, https:\/\/corpoeducacion.org.co\/pensar\/wp-content\/uploads\/2025\/09\/Pensar_year1-285x300.png 285w\" sizes=\"(max-width: 666px) 100vw, 666px\" \/>\t\t\t\t\t\t\t\t\t\t\t\t\t\t\t<\/div>\n\t\t<div class=\"elementor-element elementor-element-e895e60 e-con-full e-flex e-con e-child\" data-id=\"e895e60\" data-element_type=\"container\" data-e-type=\"container\" data-settings=\"{&quot;jet_parallax_layout_list&quot;:[]}\">\n\t\t\t\t<div class=\"elementor-element elementor-element-1378238 elementor-widget elementor-widget-heading\" data-id=\"1378238\" data-element_type=\"widget\" data-e-type=\"widget\" data-widget_type=\"heading.default\">\n\t\t\t\t\t<h2 class=\"elementor-heading-title elementor-size-default\">A\u00f1o 1 y 2<\/h2>\t\t\t\t<\/div>\n\t\t\t\t<div class=\"elementor-element elementor-element-766dc03 elementor-widget elementor-widget-text-editor\" data-id=\"766dc03\" data-element_type=\"widget\" data-e-type=\"widget\" data-widget_type=\"text-editor.default\">\n\t\t\t\t\t\t\t\t\t<p>El material del Modelo Pedag\u00f3gico Pensar\u00ae para secundaria est\u00e1 distribuido en 18 libros, nueve para cada a\u00f1o, estos integran las \u00e1reas de matem\u00e1ticas, ciencias naturales, ciencias sociales, lenguaje, educaci\u00f3n art\u00edstica, educaci\u00f3n f\u00edsica, tecnolog\u00eda, \u00e9tica e ingl\u00e9s.<\/p>\t\t\t\t\t\t\t\t<\/div>\n\t\t\t\t<\/div>\n\t\t\t\t<div class=\"elementor-element elementor-element-20b5c06 elementor-align-center elementor-widget elementor-widget-button\" data-id=\"20b5c06\" data-element_type=\"widget\" data-e-type=\"widget\" data-widget_type=\"button.default\">\n\t\t\t\t\t\t\t\t\t\t<a class=\"elementor-button elementor-button-link elementor-size-sm elementor-animation-sink\" href=\"https:\/\/corpoeducacion.org.co\/pensar\/ano-1-y-ano-2\/\">\n\t\t\t\t\t\t<span class=\"elementor-button-content-wrapper\">\n\t\t\t\t\t\t\t\t\t<span class=\"elementor-button-text\">Ver material<\/span>\n\t\t\t\t\t<\/span>\n\t\t\t\t\t<\/a>\n\t\t\t\t\t\t\t\t<\/div>\n\t\t\t\t<\/div>\n\t\t\t\t<\/div>\n\t\t<div class=\"elementor-element elementor-element-6613aee e-con-full e-flex e-con e-child\" data-id=\"6613aee\" data-element_type=\"container\" data-e-type=\"container\" data-settings=\"{&quot;jet_parallax_layout_list&quot;:[]}\">\n\t\t<div class=\"elementor-element elementor-element-401d06b e-con-full e-flex e-con e-child\" data-id=\"401d06b\" data-element_type=\"container\" data-e-type=\"container\" data-settings=\"{&quot;background_background&quot;:&quot;classic&quot;,&quot;jet_parallax_layout_list&quot;:[]}\">\n\t\t\t\t<div class=\"elementor-element elementor-element-452b97f elementor-invisible elementor-widget elementor-widget-image\" data-id=\"452b97f\" data-element_type=\"widget\" data-e-type=\"widget\" data-settings=\"{&quot;motion_fx_motion_fx_mouse&quot;:&quot;yes&quot;,&quot;motion_fx_mouseTrack_effect&quot;:&quot;yes&quot;,&quot;motion_fx_mouseTrack_direction&quot;:&quot;negative&quot;,&quot;motion_fx_mouseTrack_speed&quot;:{&quot;unit&quot;:&quot;px&quot;,&quot;size&quot;:0.3,&quot;sizes&quot;:[]},&quot;_animation&quot;:&quot;fadeInDown&quot;}\" data-widget_type=\"image.default\">\n\t\t\t\t\t\t\t\t\t\t\t\t\t\t\t<img decoding=\"async\" width=\"666\" height=\"701\" src=\"https:\/\/corpoeducacion.org.co\/pensar\/wp-content\/uploads\/2025\/09\/Pensar_year3.png\" class=\"attachment-large size-large wp-image-221\" alt=\"\" srcset=\"https:\/\/corpoeducacion.org.co\/pensar\/wp-content\/uploads\/2025\/09\/Pensar_year3.png 666w, https:\/\/corpoeducacion.org.co\/pensar\/wp-content\/uploads\/2025\/09\/Pensar_year3-285x300.png 285w\" sizes=\"(max-width: 666px) 100vw, 666px\" \/>\t\t\t\t\t\t\t\t\t\t\t\t\t\t\t<\/div>\n\t\t<div class=\"elementor-element elementor-element-20cd5ba e-con-full e-flex e-con e-child\" data-id=\"20cd5ba\" data-element_type=\"container\" data-e-type=\"container\" data-settings=\"{&quot;jet_parallax_layout_list&quot;:[]}\">\n\t\t\t\t<div class=\"elementor-element elementor-element-c76d698 elementor-widget elementor-widget-heading\" data-id=\"c76d698\" data-element_type=\"widget\" data-e-type=\"widget\" data-widget_type=\"heading.default\">\n\t\t\t\t\t<h2 class=\"elementor-heading-title elementor-size-default\">A\u00f1o 3<\/h2>\t\t\t\t<\/div>\n\t\t\t\t<div class=\"elementor-element elementor-element-069a4f0 elementor-widget elementor-widget-text-editor\" data-id=\"069a4f0\" data-element_type=\"widget\" data-e-type=\"widget\" data-widget_type=\"text-editor.default\">\n\t\t\t\t\t\t\t\t\t<p>El material de Modelo Pedag\u00f3gico Pensar\u00ae&nbsp;para el nivel de media est\u00e1 distribuido en ocho libros que integran las \u00e1reas de lenguaje, matem\u00e1ticas, f\u00edsica, qu\u00edmica, ciencias sociales, filosof\u00eda, educaci\u00f3n f\u00edsica, educaci\u00f3n art\u00edstica, tecnolog\u00eda e ingl\u00e9s.<\/p>\t\t\t\t\t\t\t\t<\/div>\n\t\t\t\t<\/div>\n\t\t\t\t<div class=\"elementor-element elementor-element-f95d987 elementor-align-center elementor-widget elementor-widget-button\" data-id=\"f95d987\" data-element_type=\"widget\" data-e-type=\"widget\" data-widget_type=\"button.default\">\n\t\t\t\t\t\t\t\t\t\t<a class=\"elementor-button elementor-button-link elementor-size-sm elementor-animation-sink\" href=\"https:\/\/corpoeducacion.org.co\/pensar\/ano-3\/\">\n\t\t\t\t\t\t<span class=\"elementor-button-content-wrapper\">\n\t\t\t\t\t\t\t\t\t<span class=\"elementor-button-text\">Ver material<\/span>\n\t\t\t\t\t<\/span>\n\t\t\t\t\t<\/a>\n\t\t\t\t\t\t\t\t<\/div>\n\t\t\t\t<\/div>\n\t\t\t\t<\/div>\n\t\t\t\t\t<\/div>\n\t\t\t\t<\/div>\n\t\t\t\t<\/div>\n\t\t","protected":false},"excerpt":{"rendered":"<p>Biblioteca Bienvenido a la Biblioteca Pensar, un espacio en el que estudiantes, docentes, directivos docentes, investigadores y diferentes actores de la comunidad educativa tienen acceso a la colecci\u00f3n de m\u00f3dulos y estrategias del Modelo Pedag\u00f3gico Pensar\u00ae. El plan de estudios del Modelo Pedag\u00f3gico Pensar\u00ae se desarrolla as\u00ed: Para el nivel de secundaria en dos a\u00f1os [&hellip;]<\/p>\n","protected":false},"author":1,"featured_media":0,"parent":0,"menu_order":0,"comment_status":"closed","ping_status":"closed","template":"","meta":{"_monsterinsights_skip_tracking":false,"_monsterinsights_sitenote_active":false,"_monsterinsights_sitenote_note":"","_monsterinsights_sitenote_category":0,"footnotes":""},"class_list":["post-209","page","type-page","status-publish","hentry"],"aioseo_notices":[],"_links":{"self":[{"href":"https:\/\/corpoeducacion.org.co\/pensar\/wp-json\/wp\/v2\/pages\/209","targetHints":{"allow":["GET"]}}],"collection":[{"href":"https:\/\/corpoeducacion.org.co\/pensar\/wp-json\/wp\/v2\/pages"}],"about":[{"href":"https:\/\/corpoeducacion.org.co\/pensar\/wp-json\/wp\/v2\/types\/page"}],"author":[{"embeddable":true,"href":"https:\/\/corpoeducacion.org.co\/pensar\/wp-json\/wp\/v2\/users\/1"}],"replies":[{"embeddable":true,"href":"https:\/\/corpoeducacion.org.co\/pensar\/wp-json\/wp\/v2\/comments?post=209"}],"version-history":[{"count":22,"href":"https:\/\/corpoeducacion.org.co\/pensar\/wp-json\/wp\/v2\/pages\/209\/revisions"}],"predecessor-version":[{"id":652,"href":"https:\/\/corpoeducacion.org.co\/pensar\/wp-json\/wp\/v2\/pages\/209\/revisions\/652"}],"wp:attachment":[{"href":"https:\/\/corpoeducacion.org.co\/pensar\/wp-json\/wp\/v2\/media?parent=209"}],"curies":[{"name":"wp","href":"https:\/\/api.w.org\/{rel}","templated":true}]}}

<div data-elementor-type="wp-page" data-elementor-id="209" class="elementor elementor-209" data-elementor-post-type="page">
				<div class="elementor-element elementor-element-f43e240 e-flex e-con-boxed e-con e-parent" data-id="f43e240" data-element_type="container" data-e-type="container" data-settings="{&quot;background_background&quot;:&quot;classic&quot;,&quot;jet_parallax_layout_list&quot;:[]}">
					<div class="e-con-inner">
				<div class="elementor-element elementor-element-c437d19 elementor-widget elementor-widget-heading" data-id="c437d19" data-element_type="widget" data-e-type="widget" data-widget_type="heading.default">
					<h2 class="elementor-heading-title elementor-size-default">Biblioteca</h2>				</div>
				<div class="elementor-element elementor-element-1789cd9 elementor-widget elementor-widget-text-editor" data-id="1789cd9" data-element_type="widget" data-e-type="widget" data-widget_type="text-editor.default">
									<p>Bienvenido a la Biblioteca Pensar, un espacio en el que estudiantes, docentes, directivos docentes, investigadores y diferentes actores de la comunidad educativa tienen acceso a la colección de módulos y estrategias del Modelo Pedagógico Pensar®.</p><p>El plan de estudios del Modelo Pedagógico Pensar® se desarrolla así:</p><p>Para el nivel de secundaria en dos años lectivos, es decir, 6° y 7° en un año, 8° y 9° en un año.</p><p>Para el nivel de educación media (10° y 11°) en un año. Durante estos periodos se abordan las competencias previstas en los referentes de calidad educativa del Ministerio de Educación Nacional.</p>								</div>
					</div>
				</div>
		<div class="elementor-element elementor-element-7cfa53a e-flex e-con-boxed e-con e-parent" data-id="7cfa53a" data-element_type="container" data-e-type="container" data-settings="{&quot;jet_parallax_layout_list&quot;:[]}">
					<div class="e-con-inner">
		<div class="elementor-element elementor-element-695b117 e-con-full e-flex e-con e-child" data-id="695b117" data-element_type="container" data-e-type="container" data-settings="{&quot;jet_parallax_layout_list&quot;:[]}">
		<div class="elementor-element elementor-element-8f612a2 e-con-full e-flex e-con e-child" data-id="8f612a2" data-element_type="container" data-e-type="container" data-settings="{&quot;background_background&quot;:&quot;classic&quot;,&quot;jet_parallax_layout_list&quot;:[]}">
				<div class="elementor-element elementor-element-af7ef12 elementor-invisible elementor-widget elementor-widget-image" data-id="af7ef12" data-element_type="widget" data-e-type="widget" data-settings="{&quot;motion_fx_motion_fx_mouse&quot;:&quot;yes&quot;,&quot;motion_fx_mouseTrack_effect&quot;:&quot;yes&quot;,&quot;motion_fx_mouseTrack_speed&quot;:{&quot;unit&quot;:&quot;px&quot;,&quot;size&quot;:0.3,&quot;sizes&quot;:[]},&quot;_animation&quot;:&quot;fadeInDown&quot;}" data-widget_type="image.default">
															<img fetchpriority="high" decoding="async" width="666" height="701" src="https://corpoeducacion.org.co/pensar/wp-content/uploads/2025/09/Pensar_year1.png" class="attachment-large size-large wp-image-220" alt="" srcset="https://corpoeducacion.org.co/pensar/wp-content/uploads/2025/09/Pensar_year1.png 666w, https://corpoeducacion.org.co/pensar/wp-content/uploads/2025/09/Pensar_year1-285x300.png 285w" sizes="(max-width: 666px) 100vw, 666px" />															</div>
		<div class="elementor-element elementor-element-e895e60 e-con-full e-flex e-con e-child" data-id="e895e60" data-element_type="container" data-e-type="container" data-settings="{&quot;jet_parallax_layout_list&quot;:[]}">
				<div class="elementor-element elementor-element-1378238 elementor-widget elementor-widget-heading" data-id="1378238" data-element_type="widget" data-e-type="widget" data-widget_type="heading.default">
					<h2 class="elementor-heading-title elementor-size-default">Año 1 y 2</h2>				</div>
				<div class="elementor-element elementor-element-766dc03 elementor-widget elementor-widget-text-editor" data-id="766dc03" data-element_type="widget" data-e-type="widget" data-widget_type="text-editor.default">
									<p>El material del Modelo Pedagógico Pensar® para secundaria está distribuido en 18 libros, nueve para cada año, estos integran las áreas de matemáticas, ciencias naturales, ciencias sociales, lenguaje, educación artística, educación física, tecnología, ética e inglés.</p>								</div>
				</div>
				<div class="elementor-element elementor-element-20b5c06 elementor-align-center elementor-widget elementor-widget-button" data-id="20b5c06" data-element_type="widget" data-e-type="widget" data-widget_type="button.default">
										<a class="elementor-button elementor-button-link elementor-size-sm elementor-animation-sink" href="https://corpoeducacion.org.co/pensar/ano-1-y-ano-2/">
						<span class="elementor-button-content-wrapper">
									<span class="elementor-button-text">Ver material</span>
					</span>
					</a>
								</div>
				</div>
				</div>
		<div class="elementor-element elementor-element-6613aee e-con-full e-flex e-con e-child" data-id="6613aee" data-element_type="container" data-e-type="container" data-settings="{&quot;jet_parallax_layout_list&quot;:[]}">
		<div class="elementor-element elementor-element-401d06b e-con-full e-flex e-con e-child" data-id="401d06b" data-element_type="container" data-e-type="container" data-settings="{&quot;background_background&quot;:&quot;classic&quot;,&quot;jet_parallax_layout_list&quot;:[]}">
				<div class="elementor-element elementor-element-452b97f elementor-invisible elementor-widget elementor-widget-image" data-id="452b97f" data-element_type="widget" data-e-type="widget" data-settings="{&quot;motion_fx_motion_fx_mouse&quot;:&quot;yes&quot;,&quot;motion_fx_mouseTrack_effect&quot;:&quot;yes&quot;,&quot;motion_fx_mouseTrack_direction&quot;:&quot;negative&quot;,&quot;motion_fx_mouseTrack_speed&quot;:{&quot;unit&quot;:&quot;px&quot;,&quot;size&quot;:0.3,&quot;sizes&quot;:[]},&quot;_animation&quot;:&quot;fadeInDown&quot;}" data-widget_type="image.default">
															<img decoding="async" width="666" height="701" src="https://corpoeducacion.org.co/pensar/wp-content/uploads/2025/09/Pensar_year3.png" class="attachment-large size-large wp-image-221" alt="" srcset="https://corpoeducacion.org.co/pensar/wp-content/uploads/2025/09/Pensar_year3.png 666w, https://corpoeducacion.org.co/pensar/wp-content/uploads/2025/09/Pensar_year3-285x300.png 285w" sizes="(max-width: 666px) 100vw, 666px" />															</div>
		<div class="elementor-element elementor-element-20cd5ba e-con-full e-flex e-con e-child" data-id="20cd5ba" data-element_type="container" data-e-type="container" data-settings="{&quot;jet_parallax_layout_list&quot;:[]}">
				<div class="elementor-element elementor-element-c76d698 elementor-widget elementor-widget-heading" data-id="c76d698" data-element_type="widget" data-e-type="widget" data-widget_type="heading.default">
					<h2 class="elementor-heading-title elementor-size-default">Año 3</h2>				</div>
				<div class="elementor-element elementor-element-069a4f0 elementor-widget elementor-widget-text-editor" data-id="069a4f0" data-element_type="widget" data-e-type="widget" data-widget_type="text-editor.default">
									<p>El material de Modelo Pedagógico Pensar®&nbsp;para el nivel de media está distribuido en ocho libros que integran las áreas de lenguaje, matemáticas, física, química, ciencias sociales, filosofía, educación física, educación artística, tecnología e inglés.</p>								</div>
				</div>
				<div class="elementor-element elementor-element-f95d987 elementor-align-center elementor-widget elementor-widget-button" data-id="f95d987" data-element_type="widget" data-e-type="widget" data-widget_type="button.default">
										<a class="elementor-button elementor-button-link elementor-size-sm elementor-animation-sink" href="https://corpoeducacion.org.co/pensar/ano-3/">
						<span class="elementor-button-content-wrapper">
									<span class="elementor-button-text">Ver material</span>
					</span>
					</a>
								</div>
				</div>
				</div>
					</div>
				</div>
				</div>

<p>Biblioteca Bienvenido a la Biblioteca Pensar, un espacio en el que estudiantes, docentes, directivos docentes, investigadores y diferentes actores de la comunidad educativa tienen acceso a la colección de módulos y estrategias del Modelo Pedagógico Pensar®. El plan de estudios del Modelo Pedagógico Pensar® se desarrolla así: Para el nivel de secundaria en dos años [&hellip;]</p>
